git of i(18)?
8
Let f = -88 + 94. Let l(z) = -z**3 + 7*z**2 + 22*z - 17. What is the units digit of l(f)?
1
Let j be 1*43 + 5 + -2 + -3. Let x = j - -369. What is the hundreds digit of x?
4
Let b(a) = 3*a**2 - 41*a - 10. Let w be b(14). Suppose 306 + 254 = w*f. What is the hundreds digit of f?
1
Suppose -3*z = -6*z + 6. Suppose 3*t + 2*l + 2*l = 11, z*t - 5*l = 15. Suppose 3*i - u = 288 - 72, 340 = 5*i + t*u. What is the tens digit of i?
7
Let i = 460 + -46. Let u = i - 27. What is the units digit of u?
7
Suppose 8*y - 5*y - 9 = 0. Suppose 3*u + 4*l + 263 = 0, 0 = 3*u + 4*l - y*l + 275. Let q = 183 + u. What is the tens digit of q?
9
Suppose -z = -4*k + 181039, 7*k - 3*z + 135768 = 10*k. What is the thousands digit of k?
5
Let f be 0 - -2 - (75 + -1). Suppose 5*t - 308 - 112 = -2*b, t + 4*b - 84 = 0. Let c = t + f. What is the units digit of c?
2
Suppose u - 4 = -v, -8*v + 13*v - 23 = -2*u. Suppose -j + z = -159, 2*j - v*z = -14 + 344. What is the tens digit of j?
5
Let t be 1*6/(-4 - -6). Suppose 175*v - 164*v - 165 = 0. What is the units digit of 2742/10 - t/v?
4
Suppose 43*h = -46378 + 435829. What is the units digit of h?
7
Let v = -1 - 1. Let g(w) = 3*w**2 - 19*w - 6. Let x be g(5). What is the units digit of (x/8)/(v/88)?
3
Let w(g) = -1900*g - 664. What is the tens digit of w(-8)?
3
Let v = 24 - -5. Suppose -4*k + 0*k + 47 = 5*x, x + v = 4*k. What is the tens digit of k/(-12)*165/(-10)?
1
Suppose 5*i + v = -243, -i = 3*i + 5*v + 186. What is the units digit of 116*(i - -32)*(-1)/2?
6
What is the units digit of (-10 + 338/39)/((-2)/(-41640)*-2)?
0
Let m(k) = 36529*k**3 + 2*k**2 - 93*k + 90. What is the hundreds digit of m(1)?
5
Suppose -8*f = -b - 6*f + 16698, 2*f + 8 = 0. What is the ten thousands digit of b?
1
Suppose -6*n = 260 - 62. Let x = n - -43. What is the units digit of (-2073)/(-15) - (8/x)/4?
8
Let c(z) = -48*z - 93. Let n be c(-9). Suppose -3*v = -3*p + n, -2*p = 3*v - 2*v - 214. What is the units digit of p?
9
Suppose 4*z - 4906 = -2*f + 3842, -3*z = 5*f - 21877. What is the thousands digit of f?
4
Let j = 137 + -111. Let w(g) = g - 10. Let u be w(0). Let q = u + j. What is the units digit of q?
6
Let z = 6044 - 3431. Suppose 12*n = 9*n + z. What is the tens digit of n?
7
Let o(a) = 463*a**2 - 48*a - 184. What is the hundreds digit of o(-4)?
4
What is the units digit of -32 + 18052 + 3 + -3?
0
Suppose -6016 = -2*n + 4*w, 0*n = 3*n - 5*w - 9023. Let m = n + -1792. What is the tens digit of m?
1
Let x = -166 + 169. Suppose t + 2*t - s - 481 = 0, -t + x*s = -163. What is the hundreds digit of t?
1
Let b(x) = 14*x**2 + 4*x + 3. Let y be -3 - (-5 + (5 - -4)). Let u be b(y). Suppose 6*o = u + 83. What is the units digit of o?
4
Suppose -3*w = 46 - 22. Let l(f) = -87*f + 146. What is the units digit of l(w)?
2
What is the units digit of (-206)/((6/11)/3 + 6837/(-35002))?
4
Let i(c) be the third derivative of 43*c**4/24 + 629*c**3/6 + 60*c**2. What is the hundreds digit of i(0)?
6
Suppose -40 = 34*q - 38*q. What is the tens digit of (-6)/15 - (-7314)/q?
3
Let v(h) = h**3 + 8*h**2 + 7. Let a(j) = j**3 + 21*j**2 + 21*j + 35. Let d be a(-20). Let p(b) = -b + 8. Let l be p(d). What is the units digit of v(l)?
6
Suppose 2*d + 4 = -6. Let b(l) = l + 8. Let z be b(d). Suppose -161 - 19 = -z*c. What is the units digit of c?
0
Let s(w) = w**2 - 21*w + 14. Let p be s(20). Let r(u) = -105*u - 50. What is the units digit of r(p)?
0
Suppose 9*a - 14*a = -3185. Let p = a + -308. What is the hundreds digit of p?
3
Suppose -18*f + 27 = -9. Let o(u) = u**3 + 7*u**2 + 5*u + 4. Let k be o(-5). What is the units digit of k*f - (17 - 15)?
6
Let l(f) = f + 2. Let n(j) = 17*j. Let o(g) = -30*l(g) + 5*n(g). What is the tens digit of o(11)?
4
Let o(n) = -3*n**2 + 51*n + 3. Let l be o(17). Suppose 4*z + s = -88 + 317, -3*z - 3*s + 183 = 0. Suppose -299 + z = -l*y. What is the units digit of y?
1
Suppose 0 = -g + 3*g + 94. Let i(s) = -6*s - 1. Let y be i(4). Let b = y - g. What is the tens digit of b?
2
Let x(z) = -z**3 - 3*z**2 - z - 1. Let l be x(-5). Suppose l*u - 49*u = -15. What is the tens digit of (184/(-6) + 0)*u?
9
Suppose -n - 5*s + 20713 = 1790, -5*s = -5. What is the thousands digit of n?
8
Let v = 599 - -18249. What is the units digit of v?
8
Suppose 4*b = -8, 7*b + 10 = -2*d + 2*b. Suppose 5*h + 25 = d, 20*u - 8150 = 15*u + 4*h. What is the tens digit of u?
2
Let z(v) = -10*v**2 - 9*v**2 + 24*v**2 + 14 + 76*v**2 + 14*v + 8. What is the hundreds digit of z(-2)?
3
Let z(t) = 19*t**2 - 40*t + 482. What is the units digit of z(24)?
6
Let x(r) = -37*r**3 - 4*r**2 + 18. Let c be x(-3). Suppose -9*z = -261 - c. What is the hundreds digit of z?
1
Suppose -5*q + 3720 = -0*h - 4*h, -5*q - h = -3720. Suppose 2*j + 11*i = 6*i + 346, -3*i = -4*j + q. What is the hundreds digit of j?
1
Let q(b) = 12*b + 31. Let g be q(-7). Let n = g + 55. Suppose 4*j - 92 = n*j - 3*y, 2*y - 8 = 0. What is the tens digit of j?
4
Let m = 45 - 43. Suppose m*d = -x - d - 19, -27 = 2*x - 5*d. Let l(c) = -c + 34. What is the tens digit of l(x)?
5
Suppose 0 = 6*p + 53 - 59. Let w(c) = 18*c**2 + 2*c - 1. Let y(a) = -19*a**2 - 2*a + 1. Let d(f) = 4*w(f) + 3*y(f). What is the tens digit of d(p)?
1
Suppose -8*v = -4*v - 2*v - 13226. What is the tens digit of v?
1
What is the thousands digit of (0 + (-3603)/4)/(1 + (-25)/24)?
1
Let c = -1 + 0. Suppose 4*s + 29 - 9 = 4*f, -4*s - 18 = -3*f. What is the hundreds digit of 164 + (s - 0 - c)?
1
Let r be 3 - (-1503)/(-12) - (-6)/(-8). Let p = r - -376. Let f = p - 128. What is the units digit of f?
5
What is the tens digit of (1505/(-20))/((-308)/208912)?
4
Let i = 585 - 411. Let z(a) = 17*a - 1. Let v be z(-6). Let k = v + i. What is the tens digit of k?
7
Suppose -37*p - 97908 = -43*p. Suppose p = 24*l + 3742. What is the units digit of l?
4
Suppose -s - 2*g = -194 + 24, -685 = -4*s - 3*g. What is the units digit of 1 + -5 + 7 - s/(-2)?
9
Let s = 5 + 20. Suppose -56 = 85*w - 99*w. What is the units digit of (-620)/s*(-10)/w?
2
Let h(j) = 4*j**2 + 22 - 36 - 2*j**2. Let i be -4 + 5 - 2*-2. What is the units digit of h(i)?
6
Suppose 4*r - 6112 + 454 = 2*s, r - 2*s - 1416 = 0. What is the hundreds digit of r?
4
What is the tens digit of 6/(6/155)*74?
7
Let g = 37 + -55. Let m be g/(-15)*(-980)/(-21). What is the tens digit of (m/(-10))/((-4)/10)?
1
Suppose 0 = 1246*s - 1197*s - 526946. What is the units digit of s?
4
Let n be (8/(-10))/((-2)/215). Let c = 77 - n. What is the tens digit of 3*3/c*-11?
1
Suppose -240324 = -5*h + 4*x, -5*h + 3*x + 48056 = -4*h. What is the hundreds digit of h?
0
Suppose 0 = 49*r - 4920 + 1686. Suppose -4*l + 90 - 242 = -2*f, l + 5*f + 49 = 0. Let w = l + r. What is the tens digit of w?
2
Suppose -4*o = 6*o + 19*o - 360267. What is the hundreds digit of o?
4
Let v be 6/4 + (-968)/16. Let t = v + 59. Suppose 6*n - 2*n - 476 = t. What is the tens digit of n?
1
Suppose p + 5*w = -4*p, -2*w = -4*p - 6. Let y(c) = -471*c**3 + 2*c**2 + 3*c + 2. What is the tens digit of y(p)?
7
Let r = 192 + 18. Let b(s) = 640*s + 12780. Let j be b(-20). Let n = r + j. What is the hundreds digit of n?
1
Let p(i) = 169*i**2 - 16*i - 8. What is the hundreds digit of p(6)?
9
Suppose 0 = -4*a - 5*g + 7448 + 14421, -g + 1 = 0. What is the hundreds digit of a?
4
Let k(g) = -g**2 + 21*g + 5. Let v be k(21). Let f(a) = 27*a**2 + 11*a + 5. Let h be f(v). Suppose h = 11*t - 6*t. What is the tens digit of t?
4
Suppose 12*g + 124502 = 517094. What is the ten thousands digit of g?
3
Suppose 28*b - 11468 = -4*m + 31*b, -b = -4. What is the tens digit of m?
7
What is the thousands digit of (16 - (38 + -20)) + 3418/2?
1
Let m(d) = 1435*d**2 + 267*d - 9. What is the tens digit of m(7)?
7
Let p(x) = 10*x**2 - 102*x + 151. What is the hundreds digit of p(-22)?
2
Let m(l) = 7*l**2 + 8*l - 1. Let i be m(-7). Let r = -3229 + 3165. Let g = r + i. What is the hundreds digit of g?
2
Let z = -200 - -202. Suppose -950 = -3*b - z*m, 0 = -b - 7*m + 3*m + 330. What is the hundreds digit of b?
3
Let j = 5965 - -1720. What is the tens digit of j?
8
Let v = 4069 - -3307. What is the thousands digit of v?
7
What is the tens digit of ((-6715)/34 + -7)*-10?
4
Suppose -4*q = -227 + 75. Suppose 3*d - 162 = g + 146, 5*g = -2*d + 211. Let k = d - q. What is the tens digit o